{"id":16097,"date":"2019-06-05T18:31:19","date_gmt":"2019-06-05T16:31:19","guid":{"rendered":"http:\/\/www.hotelfertel.com\/new\/galerie-photos\/"},"modified":"2020-01-10T07:06:06","modified_gmt":"2020-01-10T06:06:06","slug":"galeria-de-foto","status":"publish","type":"page","link":"https:\/\/www.hotelfertel.com\/pt-br\/galeria-de-foto\/","title":{"rendered":"Galeria de Foto"},"content":{"rendered":"<p>[vc_row css_animation=&#8221;&#8221; row_type=&#8221;row&#8221; use_row_as_full_screen_section=&#8221;no&#8221; type=&#8221;full_width&#8221; angled_section=&#8221;no&#8221; text_align=&#8221;left&#8221; background_image_as_pattern=&#8221;without_pattern&#8221;][vc_column][vc_column_text]<\/p>\n<h3>H\u00f4tel Fertel Etoile<\/h3>\n<p>[\/vc_column_text][vc_empty_space][vc_gallery type=&#8221;image_grid&#8221; images=&#8221;15948,15497,15498,15499,15500,15501,15502,15503,15504,15505,15506,15507,15508,15509,15510,15511,15512&#8243; img_size=&#8221;400&#215;300&#8243; column_number=&#8221;4&#8243; grayscale=&#8221;no&#8221; images_space=&#8221;gallery_without_space&#8221;][vc_empty_space height=&#8221;70px&#8221;][vc_column_text]<\/p>\n<h3>H\u00f4tel Fertel Maillot<\/h3>\n<p>[\/vc_column_text][vc_empty_space][vc_gallery type=&#8221;image_grid&#8221; images=&#8221;15985,15983,16271,15979,16024,15977,15975,15973,15971,15969,15967,15965,15963,15961,15959,15957,15955,15953,15951,15553,16026&#8243; img_size=&#8221;400&#215;300&#8243; column_number=&#8221;4&#8243; grayscale=&#8221;no&#8221; images_space=&#8221;gallery_without_space&#8221;][\/vc_column][\/vc_row]<\/p>\n","protected":false},"excerpt":{"rendered":"<p>[vc_row css_animation=&#8221;&#8221; row_type=&#8221;row&#8221; use_row_as_full_screen_section=&#8221;no&#8221; type=&#8221;full_width&#8221; angled_section=&#8221;no&#8221; text_align=&#8221;left&#8221; background_image_as_pattern=&#8221;without_pattern&#8221;][vc_column][vc_column_text] H\u00f4tel Fertel Etoile [\/vc_column_text][vc_empty_space][vc_gallery type=&#8221;image_grid&#8221; images=&#8221;15948,15497,15498,15499,15500,15501,15502,15503,15504,15505,15506,15507,15508,15509,15510,15511,15512&#8243; img_size=&#8221;400&#215;300&#8243; column_number=&#8221;4&#8243; grayscale=&#8221;no&#8221; images_space=&#8221;gallery_without_space&#8221;][vc_empty_space height=&#8221;70px&#8221;][vc_column_text] H\u00f4tel Fertel Maillot [\/vc_column_text][vc_empty_space][vc_gallery type=&#8221;image_grid&#8221; images=&#8221;15985,15983,16271,15979,16024,15977,15975,15973,15971,15969,15967,15965,15963,15961,15959,15957,15955,15953,15951,15553,16026&#8243; img_size=&#8221;400&#215;300&#8243; column_number=&#8221;4&#8243; grayscale=&#8221;no&#8221; images_space=&#8221;gallery_without_space&#8221;][\/vc_column][\/vc_row]<\/p>\n","protected":false},"author":1,"featured_media":0,"parent":0,"menu_order":0,"comment_status":"closed","ping_status":"closed","template":"","meta":{"footnotes":""},"class_list":["post-16097","page","type-page","status-publish","hentry"],"yoast_head":"<!-- This site is optimized with the Yoast SEO plugin v27.3 - https:\/\/yoast.com\/product\/yoast-seo-wordpress\/ -->\n<title>Galeria de Foto - H\u00f4tels Fertel<\/title>\n<meta name=\"robots\" content=\"index, follow, max-snippet:-1, max-image-preview:large, max-video-preview:-1\" \/>\n<link rel=\"canonical\" href=\"https:\/\/www.hotelfertel.com\/pt-br\/galeria-de-foto\/\" \/>\n<meta property=\"og:locale\" content=\"pt_BR\" \/>\n<meta property=\"og:type\" content=\"article\" \/>\n<meta property=\"og:title\" content=\"Galeria de Foto - H\u00f4tels Fertel\" \/>\n<meta property=\"og:description\" content=\"[vc_row css_animation=&#8221;&#8221; row_type=&#8221;row&#8221; use_row_as_full_screen_section=&#8221;no&#8221; type=&#8221;full_width&#8221; angled_section=&#8221;no&#8221; text_align=&#8221;left&#8221; background_image_as_pattern=&#8221;without_pattern&#8221;][vc_column][vc_column_text] H\u00f4tel Fertel Etoile [\/vc_column_text][vc_empty_space][vc_gallery type=&#8221;image_grid&#8221; images=&#8221;15948,15497,15498,15499,15500,15501,15502,15503,15504,15505,15506,15507,15508,15509,15510,15511,15512&#8243; img_size=&#8221;400&#215;300&#8243; column_number=&#8221;4&#8243; grayscale=&#8221;no&#8221; images_space=&#8221;gallery_without_space&#8221;][vc_empty_space height=&#8221;70px&#8221;][vc_column_text] H\u00f4tel Fertel Maillot [\/vc_column_text][vc_empty_space][vc_gallery type=&#8221;image_grid&#8221; images=&#8221;15985,15983,16271,15979,16024,15977,15975,15973,15971,15969,15967,15965,15963,15961,15959,15957,15955,15953,15951,15553,16026&#8243; img_size=&#8221;400&#215;300&#8243; column_number=&#8221;4&#8243; grayscale=&#8221;no&#8221; images_space=&#8221;gallery_without_space&#8221;][\/vc_column][\/vc_row]\" \/>\n<meta property=\"og:url\" content=\"https:\/\/www.hotelfertel.com\/pt-br\/galeria-de-foto\/\" \/>\n<meta property=\"og:site_name\" content=\"H\u00f4tels Fertel\" \/>\n<meta property=\"article:modified_time\" content=\"2020-01-10T06:06:06+00:00\" \/>\n<meta name=\"twitter:card\" content=\"summary_large_image\" \/>\n<meta name=\"twitter:label1\" content=\"Est. tempo de leitura\" \/>\n\t<meta name=\"twitter:data1\" content=\"1 minuto\" \/>\n<script type=\"application\/ld+json\" class=\"yoast-schema-graph\">{\"@context\":\"https:\\\/\\\/schema.org\",\"@graph\":[{\"@type\":\"WebPage\",\"@id\":\"https:\\\/\\\/www.hotelfertel.com\\\/pt-br\\\/galeria-de-foto\\\/\",\"url\":\"https:\\\/\\\/www.hotelfertel.com\\\/pt-br\\\/galeria-de-foto\\\/\",\"name\":\"Galeria de Foto - H\u00f4tels Fertel\",\"isPartOf\":{\"@id\":\"https:\\\/\\\/www.hotelfertel.com\\\/#website\"},\"datePublished\":\"2019-06-05T16:31:19+00:00\",\"dateModified\":\"2020-01-10T06:06:06+00:00\",\"breadcrumb\":{\"@id\":\"https:\\\/\\\/www.hotelfertel.com\\\/pt-br\\\/galeria-de-foto\\\/#breadcrumb\"},\"inLanguage\":\"pt-BR\",\"potentialAction\":[{\"@type\":\"ReadAction\",\"target\":[\"https:\\\/\\\/www.hotelfertel.com\\\/pt-br\\\/galeria-de-foto\\\/\"]}]},{\"@type\":\"BreadcrumbList\",\"@id\":\"https:\\\/\\\/www.hotelfertel.com\\\/pt-br\\\/galeria-de-foto\\\/#breadcrumb\",\"itemListElement\":[{\"@type\":\"ListItem\",\"position\":1,\"name\":\"Accueil\",\"item\":\"https:\\\/\\\/www.hotelfertel.com\\\/pt-br\\\/\"},{\"@type\":\"ListItem\",\"position\":2,\"name\":\"Galeria de Foto\"}]},{\"@type\":\"WebSite\",\"@id\":\"https:\\\/\\\/www.hotelfertel.com\\\/#website\",\"url\":\"https:\\\/\\\/www.hotelfertel.com\\\/\",\"name\":\"H\u00f4tels Fertel\",\"description\":\"H\u00f4tels 3 \u00e9toiles \u00e0 Paris proche de l&#039;Eoile et la Porte Maillot\",\"potentialAction\":[{\"@type\":\"SearchAction\",\"target\":{\"@type\":\"EntryPoint\",\"urlTemplate\":\"https:\\\/\\\/www.hotelfertel.com\\\/?s={search_term_string}\"},\"query-input\":{\"@type\":\"PropertyValueSpecification\",\"valueRequired\":true,\"valueName\":\"search_term_string\"}}],\"inLanguage\":\"pt-BR\"}]}<\/script>\n<!-- \/ Yoast SEO plugin. -->","yoast_head_json":{"title":"Galeria de Foto - H\u00f4tels Fertel","robots":{"index":"index","follow":"follow","max-snippet":"max-snippet:-1","max-image-preview":"max-image-preview:large","max-video-preview":"max-video-preview:-1"},"canonical":"https:\/\/www.hotelfertel.com\/pt-br\/galeria-de-foto\/","og_locale":"pt_BR","og_type":"article","og_title":"Galeria de Foto - H\u00f4tels Fertel","og_description":"[vc_row css_animation=&#8221;&#8221; row_type=&#8221;row&#8221; use_row_as_full_screen_section=&#8221;no&#8221; type=&#8221;full_width&#8221; angled_section=&#8221;no&#8221; text_align=&#8221;left&#8221; background_image_as_pattern=&#8221;without_pattern&#8221;][vc_column][vc_column_text] H\u00f4tel Fertel Etoile [\/vc_column_text][vc_empty_space][vc_gallery type=&#8221;image_grid&#8221; images=&#8221;15948,15497,15498,15499,15500,15501,15502,15503,15504,15505,15506,15507,15508,15509,15510,15511,15512&#8243; img_size=&#8221;400&#215;300&#8243; column_number=&#8221;4&#8243; grayscale=&#8221;no&#8221; images_space=&#8221;gallery_without_space&#8221;][vc_empty_space height=&#8221;70px&#8221;][vc_column_text] H\u00f4tel Fertel Maillot [\/vc_column_text][vc_empty_space][vc_gallery type=&#8221;image_grid&#8221; images=&#8221;15985,15983,16271,15979,16024,15977,15975,15973,15971,15969,15967,15965,15963,15961,15959,15957,15955,15953,15951,15553,16026&#8243; img_size=&#8221;400&#215;300&#8243; column_number=&#8221;4&#8243; grayscale=&#8221;no&#8221; images_space=&#8221;gallery_without_space&#8221;][\/vc_column][\/vc_row]","og_url":"https:\/\/www.hotelfertel.com\/pt-br\/galeria-de-foto\/","og_site_name":"H\u00f4tels Fertel","article_modified_time":"2020-01-10T06:06:06+00:00","twitter_card":"summary_large_image","twitter_misc":{"Est. tempo de leitura":"1 minuto"},"schema":{"@context":"https:\/\/schema.org","@graph":[{"@type":"WebPage","@id":"https:\/\/www.hotelfertel.com\/pt-br\/galeria-de-foto\/","url":"https:\/\/www.hotelfertel.com\/pt-br\/galeria-de-foto\/","name":"Galeria de Foto - H\u00f4tels Fertel","isPartOf":{"@id":"https:\/\/www.hotelfertel.com\/#website"},"datePublished":"2019-06-05T16:31:19+00:00","dateModified":"2020-01-10T06:06:06+00:00","breadcrumb":{"@id":"https:\/\/www.hotelfertel.com\/pt-br\/galeria-de-foto\/#breadcrumb"},"inLanguage":"pt-BR","potentialAction":[{"@type":"ReadAction","target":["https:\/\/www.hotelfertel.com\/pt-br\/galeria-de-foto\/"]}]},{"@type":"BreadcrumbList","@id":"https:\/\/www.hotelfertel.com\/pt-br\/galeria-de-foto\/#breadcrumb","itemListElement":[{"@type":"ListItem","position":1,"name":"Accueil","item":"https:\/\/www.hotelfertel.com\/pt-br\/"},{"@type":"ListItem","position":2,"name":"Galeria de Foto"}]},{"@type":"WebSite","@id":"https:\/\/www.hotelfertel.com\/#website","url":"https:\/\/www.hotelfertel.com\/","name":"H\u00f4tels Fertel","description":"H\u00f4tels 3 \u00e9toiles \u00e0 Paris proche de l&#039;Eoile et la Porte Maillot","potentialAction":[{"@type":"SearchAction","target":{"@type":"EntryPoint","urlTemplate":"https:\/\/www.hotelfertel.com\/?s={search_term_string}"},"query-input":{"@type":"PropertyValueSpecification","valueRequired":true,"valueName":"search_term_string"}}],"inLanguage":"pt-BR"}]}},"_links":{"self":[{"href":"https:\/\/www.hotelfertel.com\/pt-br\/wp-json\/wp\/v2\/pages\/16097","targetHints":{"allow":["GET"]}}],"collection":[{"href":"https:\/\/www.hotelfertel.com\/pt-br\/wp-json\/wp\/v2\/pages"}],"about":[{"href":"https:\/\/www.hotelfertel.com\/pt-br\/wp-json\/wp\/v2\/types\/page"}],"author":[{"embeddable":true,"href":"https:\/\/www.hotelfertel.com\/pt-br\/wp-json\/wp\/v2\/users\/1"}],"replies":[{"embeddable":true,"href":"https:\/\/www.hotelfertel.com\/pt-br\/wp-json\/wp\/v2\/comments?post=16097"}],"version-history":[{"count":5,"href":"https:\/\/www.hotelfertel.com\/pt-br\/wp-json\/wp\/v2\/pages\/16097\/revisions"}],"predecessor-version":[{"id":16276,"href":"https:\/\/www.hotelfertel.com\/pt-br\/wp-json\/wp\/v2\/pages\/16097\/revisions\/16276"}],"wp:attachment":[{"href":"https:\/\/www.hotelfertel.com\/pt-br\/wp-json\/wp\/v2\/media?parent=16097"}],"curies":[{"name":"wp","href":"https:\/\/api.w.org\/{rel}","templated":true}]}}

<p>[vc_row css_animation=&#8221;&#8221; row_type=&#8221;row&#8221; use_row_as_full_screen_section=&#8221;no&#8221; type=&#8221;full_width&#8221; angled_section=&#8221;no&#8221; text_align=&#8221;left&#8221; background_image_as_pattern=&#8221;without_pattern&#8221;][vc_column][vc_column_text]</p>
<h3>Hôtel Fertel Etoile</h3>
<p>[/vc_column_text][vc_empty_space][vc_gallery type=&#8221;image_grid&#8221; images=&#8221;15948,15497,15498,15499,15500,15501,15502,15503,15504,15505,15506,15507,15508,15509,15510,15511,15512&#8243; img_size=&#8221;400&#215;300&#8243; column_number=&#8221;4&#8243; grayscale=&#8221;no&#8221; images_space=&#8221;gallery_without_space&#8221;][vc_empty_space height=&#8221;70px&#8221;][vc_column_text]</p>
<h3>Hôtel Fertel Maillot</h3>
<p>[/vc_column_text][vc_empty_space][vc_gallery type=&#8221;image_grid&#8221; images=&#8221;15985,15983,16271,15979,16024,15977,15975,15973,15971,15969,15967,15965,15963,15961,15959,15957,15955,15953,15951,15553,16026&#8243; img_size=&#8221;400&#215;300&#8243; column_number=&#8221;4&#8243; grayscale=&#8221;no&#8221; images_space=&#8221;gallery_without_space&#8221;][/vc_column][/vc_row]</p>

<p>[vc_row css_animation=&#8221;&#8221; row_type=&#8221;row&#8221; use_row_as_full_screen_section=&#8221;no&#8221; type=&#8221;full_width&#8221; angled_section=&#8221;no&#8221; text_align=&#8221;left&#8221; background_image_as_pattern=&#8221;without_pattern&#8221;][vc_column][vc_column_text] Hôtel Fertel Etoile [/vc_column_text][vc_empty_space][vc_gallery type=&#8221;image_grid&#8221; images=&#8221;15948,15497,15498,15499,15500,15501,15502,15503,15504,15505,15506,15507,15508,15509,15510,15511,15512&#8243; img_size=&#8221;400&#215;300&#8243; column_number=&#8221;4&#8243; grayscale=&#8221;no&#8221; images_space=&#8221;gallery_without_space&#8221;][vc_empty_space height=&#8221;70px&#8221;][vc_column_text] Hôtel Fertel Maillot [/vc_column_text][vc_empty_space][vc_gallery type=&#8221;image_grid&#8221; images=&#8221;15985,15983,16271,15979,16024,15977,15975,15973,15971,15969,15967,15965,15963,15961,15959,15957,15955,15953,15951,15553,16026&#8243; img_size=&#8221;400&#215;300&#8243; column_number=&#8221;4&#8243; grayscale=&#8221;no&#8221; images_space=&#8221;gallery_without_space&#8221;][/vc_column][/vc_row]</p>

<!-- This site is optimized with the Yoast SEO plugin v27.3 - https://yoast.com/product/yoast-seo-wordpress/ -->
<title>Galeria de Foto - Hôtels Fertel</title>
<meta name="robots" content="index, follow, max-snippet:-1, max-image-preview:large, max-video-preview:-1" />
<link rel="canonical" href="https://www.hotelfertel.com/pt-br/galeria-de-foto/" />
<meta property="og:locale" content="pt_BR" />
<meta property="og:type" content="article" />
<meta property="og:title" content="Galeria de Foto - Hôtels Fertel" />
<meta property="og:description" content="[vc_row css_animation=&#8221;&#8221; row_type=&#8221;row&#8221; use_row_as_full_screen_section=&#8221;no&#8221; type=&#8221;full_width&#8221; angled_section=&#8221;no&#8221; text_align=&#8221;left&#8221; background_image_as_pattern=&#8221;without_pattern&#8221;][vc_column][vc_column_text] Hôtel Fertel Etoile [/vc_column_text][vc_empty_space][vc_gallery type=&#8221;image_grid&#8221; images=&#8221;15948,15497,15498,15499,15500,15501,15502,15503,15504,15505,15506,15507,15508,15509,15510,15511,15512&#8243; img_size=&#8221;400&#215;300&#8243; column_number=&#8221;4&#8243; grayscale=&#8221;no&#8221; images_space=&#8221;gallery_without_space&#8221;][vc_empty_space height=&#8221;70px&#8221;][vc_column_text] Hôtel Fertel Maillot [/vc_column_text][vc_empty_space][vc_gallery type=&#8221;image_grid&#8221; images=&#8221;15985,15983,16271,15979,16024,15977,15975,15973,15971,15969,15967,15965,15963,15961,15959,15957,15955,15953,15951,15553,16026&#8243; img_size=&#8221;400&#215;300&#8243; column_number=&#8221;4&#8243; grayscale=&#8221;no&#8221; images_space=&#8221;gallery_without_space&#8221;][/vc_column][/vc_row]" />
<meta property="og:url" content="https://www.hotelfertel.com/pt-br/galeria-de-foto/" />
<meta property="og:site_name" content="Hôtels Fertel" />
<meta property="article:modified_time" content="2020-01-10T06:06:06+00:00" />
<meta name="twitter:card" content="summary_large_image" />
<meta name="twitter:label1" content="Est. tempo de leitura" />
	<meta name="twitter:data1" content="1 minuto" />
<script type="application/ld+json" class="yoast-schema-graph">{"@context":"https:\/\/schema.org","@graph":[{"@type":"WebPage","@id":"https:\/\/www.hotelfertel.com\/pt-br\/galeria-de-foto\/","url":"https:\/\/www.hotelfertel.com\/pt-br\/galeria-de-foto\/","name":"Galeria de Foto - Hôtels Fertel","isPartOf":{"@id":"https:\/\/www.hotelfertel.com\/#website"},"datePublished":"2019-06-05T16:31:19+00:00","dateModified":"2020-01-10T06:06:06+00:00","breadcrumb":{"@id":"https:\/\/www.hotelfertel.com\/pt-br\/galeria-de-foto\/#breadcrumb"},"inLanguage":"pt-BR","potentialAction":[{"@type":"ReadAction","target":["https:\/\/www.hotelfertel.com\/pt-br\/galeria-de-foto\/"]}]},{"@type":"BreadcrumbList","@id":"https:\/\/www.hotelfertel.com\/pt-br\/galeria-de-foto\/#breadcrumb","itemListElement":[{"@type":"ListItem","position":1,"name":"Accueil","item":"https:\/\/www.hotelfertel.com\/pt-br\/"},{"@type":"ListItem","position":2,"name":"Galeria de Foto"}]},{"@type":"WebSite","@id":"https:\/\/www.hotelfertel.com\/#website","url":"https:\/\/www.hotelfertel.com\/","name":"Hôtels Fertel","description":"Hôtels 3 étoiles à Paris proche de l&#039;Eoile et la Porte Maillot","potentialAction":[{"@type":"SearchAction","target":{"@type":"EntryPoint","urlTemplate":"https:\/\/www.hotelfertel.com\/?s={search_term_string}"},"query-input":{"@type":"PropertyValueSpecification","valueRequired":true,"valueName":"search_term_string"}}],"inLanguage":"pt-BR"}]}</script>
<!-- / Yoast SEO plugin. -->

Galeria de Foto - Hôtels Fertel

[vc_row css_animation=&#8221;&#8221; row_type=&#8221;row&#8221; use_row_as_full_screen_section=&#8221;no&#8221; type=&#8221;full_width&#8221; angled_section=&#8221;no&#8221; text_align=&#8221;left&#8221; background_image_as_pattern=&#8221;without_pattern&#8221;][vc_column][vc_column_text] Hôtel Fertel Etoile [/vc_column_text][vc_empty_space][vc_gallery type=&#8221;image_grid&#8221; images=&#8221;15948,15497,15498,15499,15500,15501,15502,15503,15504,15505,15506,15507,15508,15509,15510,15511,15512&#8243; img_size=&#8221;400&#215;300&#8243; column_number=&#8221;4&#8243; grayscale=&#8221;no&#8221; images_space=&#8221;gallery_without_space&#8221;][vc_empty_space height=&#8221;70px&#8221;][vc_column_text] Hôtel Fertel Maillot [/vc_column_text][vc_empty_space][vc_gallery type=&#8221;image_grid&#8221; images=&#8221;15985,15983,16271,15979,16024,15977,15975,15973,15971,15969,15967,15965,15963,15961,15959,15957,15955,15953,15951,15553,16026&#8243; img_size=&#8221;400&#215;300&#8243; column_number=&#8221;4&#8243; grayscale=&#8221;no&#8221; images_space=&#8221;gallery_without_space&#8221;][/vc_column][/vc_row]

Hôtels Fertel

Hôtels 3 étoiles à Paris proche de l&#039;Eoile et la Porte Maillot
